{"id":36,"date":"2021-01-10T14:14:48","date_gmt":"2021-01-10T13:14:48","guid":{"rendered":"http:\/\/paulinatumidajewicz.pl\/?page_id=36"},"modified":"2021-01-10T17:06:09","modified_gmt":"2021-01-10T16:06:09","slug":"strona-glowna","status":"publish","type":"page","link":"https:\/\/paulinatumidajewicz.pl\/","title":{"rendered":"Strona g\u0142\u00f3wna"},"content":{"rendered":"\n<figure class=\"wp-block-pullquote is-style-default\"><blockquote><p>\u201ePsychoterapia jest zaproszeniem. Si\u0142a psychoterapii nie polega na tym, \u017ce terapeuta jest<br>wszechwiedz\u0105cy. Psychoterapia to wsp\u00f3lne poszukiwanie\u201d<\/p><p style=\"text-align:right\">Michael Randolph<\/p><\/blockquote><\/figure>\n\n\n\n<p style=\"font-size:18px\">Warto pami\u0119ta\u0107 \u2026<\/p>\n\n\n\n<p class=\"has-normal-font-size\"><em>\u201eCzasami cz\u0142owiek musi zacz\u0105\u0107 wszystko od pocz\u0105tku. Osobi\u015bcie uwa\u017cam, \u017ce to godne<br>podziwu. Wielu osobom brakuje odwagi, kt\u00f3ra jest do tego potrzebna\u201d<\/em> Nicholas Sparks<\/p>\n\n\n\n<p class=\"has-normal-font-size\"><em>\u201eNigdy nie jest za p\u00f3\u017ano, aby sta\u0107 si\u0119 tym, kim mog\u0142e\u015b si\u0119 sta\u0107\u201d<\/em> George Eliot<\/p>\n\n\n\n<p class=\"has-normal-font-size\"><em>\u201eRozw\u00f3j bywa bolesny. Zmiany bywaj\u0105 bolesne. Ale nic nie jest tak bolesne, jak tkwienie w miejscu, w kt\u00f3rym jest Ci niewygodnie&#8221;<\/em> Autor nieznany<\/p>\n\n\n\n<p class=\"has-normal-font-size\"><em>\u201eLudzie, kt\u00f3rzy trac\u0105 czas czekaj\u0105c, a\u017c zaistniej\u0105 najbardziej sprzyjaj\u0105ce warunki, nigdy nic nie zdzia\u0142aj\u0105. Najlepszy czas na dzia\u0142anie jest teraz!&#8221;<\/em> Mark Fisher<\/p>\n\n\n\n<p><\/p>\n","protected":false},"excerpt":{"rendered":"<p>\u201ePsychoterapia jest zaproszeniem. Si\u0142a psychoterapii nie polega na tym, \u017ce terapeuta jestwszechwiedz\u0105cy. Psychoterapia to wsp\u00f3lne poszukiwanie\u201d Michael Randolph Warto pami\u0119ta\u0107 \u2026 \u201eCzasami cz\u0142owiek musi zacz\u0105\u0107 wszystko od pocz\u0105tku. Osobi\u015bcie uwa\u017cam, \u017ce to godnepodziwu. Wielu osobom brakuje odwagi, kt\u00f3ra jest do tego potrzebna\u201d Nicholas Sparks \u201eNigdy nie jest za p\u00f3\u017ano, aby sta\u0107 si\u0119 tym, kim mog\u0142e\u015b &hellip; <\/p>\n<p class=\"link-more\"><a href=\"https:\/\/paulinatumidajewicz.pl\/\" class=\"more-link\">Czytaj dalej<span class=\"screen-reader-text\"> Strona g\u0142\u00f3wna<\/span><\/a><\/p>\n","protected":false},"author":2,"featured_media":73,"parent":0,"menu_order":0,"comment_status":"closed","ping_status":"closed","template":"","meta":[],"yoast_head":"<!-- This site is optimized with the Yoast SEO plugin v15.6.2 - https:\/\/yoast.com\/wordpress\/plugins\/seo\/ -->\n<title>Strona g\u0142\u00f3wna - PSYCHOTERAPIA, TERAPIA UZALE\u017bNIE\u0143 I WSP\u00d3\u0141UZALE\u017b\u0143IENIA<\/title>\n<meta name=\"robots\" content=\"index, follow, max-snippet:-1, max-image-preview:large, max-video-preview:-1\" \/>\n<link rel=\"canonical\" href=\"https:\/\/paulinatumidajewicz.pl\/\" \/>\n<meta property=\"og:locale\" content=\"pl_PL\" \/>\n<meta property=\"og:type\" content=\"article\" \/>\n<meta property=\"og:title\" content=\"Strona g\u0142\u00f3wna - PSYCHOTERAPIA, TERAPIA UZALE\u017bNIE\u0143 I WSP\u00d3\u0141UZALE\u017b\u0143IENIA\" \/>\n<meta property=\"og:description\" content=\"\u201ePsychoterapia jest zaproszeniem. Si\u0142a psychoterapii nie polega na tym, \u017ce terapeuta jestwszechwiedz\u0105cy. Psychoterapia to wsp\u00f3lne poszukiwanie\u201d Michael Randolph Warto pami\u0119ta\u0107 \u2026 \u201eCzasami cz\u0142owiek musi zacz\u0105\u0107 wszystko od pocz\u0105tku. Osobi\u015bcie uwa\u017cam, \u017ce to godnepodziwu. Wielu osobom brakuje odwagi, kt\u00f3ra jest do tego potrzebna\u201d Nicholas Sparks \u201eNigdy nie jest za p\u00f3\u017ano, aby sta\u0107 si\u0119 tym, kim mog\u0142e\u015b &hellip; Czytaj dalej Strona g\u0142\u00f3wna\" \/>\n<meta property=\"og:url\" content=\"https:\/\/paulinatumidajewicz.pl\/\" \/>\n<meta property=\"og:site_name\" content=\"PSYCHOTERAPIA, TERAPIA UZALE\u017bNIE\u0143 I WSP\u00d3\u0141UZALE\u017b\u0143IENIA\" \/>\n<meta property=\"article:modified_time\" content=\"2021-01-10T16:06:09+00:00\" \/>\n<meta property=\"og:image\" content=\"https:\/\/paulinatumidajewicz.pl\/wp-content\/uploads\/2021\/01\/gabinet.jpg\" \/>\n\t<meta property=\"og:image:width\" content=\"653\" \/>\n\t<meta property=\"og:image:height\" content=\"434\" \/>\n<meta name=\"twitter:card\" content=\"summary_large_image\" \/>\n<meta name=\"twitter:label1\" content=\"Est. reading time\">\n\t<meta name=\"twitter:data1\" content=\"1 minuta\">\n<script type=\"application\/ld+json\" class=\"yoast-schema-graph\">{\"@context\":\"https:\/\/schema.org\",\"@graph\":[{\"@type\":[\"Person\",\"Organization\"],\"@id\":\"https:\/\/paulinatumidajewicz.pl\/#\/schema\/person\/d93067ee494a73cea7b9694f6f959c71\",\"name\":\"Paulina Tumidajewicz\",\"image\":{\"@type\":\"ImageObject\",\"@id\":\"https:\/\/paulinatumidajewicz.pl\/#personlogo\",\"inLanguage\":\"pl-PL\",\"url\":\"https:\/\/secure.gravatar.com\/avatar\/6620cd7378a9d98954756b993f86d2e8?s=96&d=mm&r=g\",\"caption\":\"Paulina Tumidajewicz\"},\"logo\":{\"@id\":\"https:\/\/paulinatumidajewicz.pl\/#personlogo\"},\"sameAs\":[\"http:\/\/paulinatumidajewicz.pl\"]},{\"@type\":\"WebSite\",\"@id\":\"https:\/\/paulinatumidajewicz.pl\/#website\",\"url\":\"https:\/\/paulinatumidajewicz.pl\/\",\"name\":\"Psychoterapia uzale\\u017cnie\\u0144 i wsp\\u00f3\\u0142uzale\\u017cnienia\",\"description\":\"Paulina Tumidajewicz \\u2013 Wr\\u00f3blewska\",\"publisher\":{\"@id\":\"https:\/\/paulinatumidajewicz.pl\/#\/schema\/person\/d93067ee494a73cea7b9694f6f959c71\"},\"potentialAction\":[{\"@type\":\"SearchAction\",\"target\":\"https:\/\/paulinatumidajewicz.pl\/?s={search_term_string}\",\"query-input\":\"required name=search_term_string\"}],\"inLanguage\":\"pl-PL\"},{\"@type\":\"ImageObject\",\"@id\":\"https:\/\/paulinatumidajewicz.pl\/#primaryimage\",\"inLanguage\":\"pl-PL\",\"url\":\"https:\/\/paulinatumidajewicz.pl\/wp-content\/uploads\/2021\/01\/gabinet.jpg\",\"width\":653,\"height\":434},{\"@type\":\"WebPage\",\"@id\":\"https:\/\/paulinatumidajewicz.pl\/#webpage\",\"url\":\"https:\/\/paulinatumidajewicz.pl\/\",\"name\":\"Strona g\\u0142\\u00f3wna - PSYCHOTERAPIA, TERAPIA UZALE\\u017bNIE\\u0143 I WSP\\u00d3\\u0141UZALE\\u017b\\u0143IENIA\",\"isPartOf\":{\"@id\":\"https:\/\/paulinatumidajewicz.pl\/#website\"},\"primaryImageOfPage\":{\"@id\":\"https:\/\/paulinatumidajewicz.pl\/#primaryimage\"},\"datePublished\":\"2021-01-10T13:14:48+00:00\",\"dateModified\":\"2021-01-10T16:06:09+00:00\",\"inLanguage\":\"pl-PL\",\"potentialAction\":[{\"@type\":\"ReadAction\",\"target\":[\"https:\/\/paulinatumidajewicz.pl\/\"]}]}]}<\/script>\n<!-- \/ Yoast SEO plugin. -->","_links":{"self":[{"href":"https:\/\/paulinatumidajewicz.pl\/index.php\/wp-json\/wp\/v2\/pages\/36"}],"collection":[{"href":"https:\/\/paulinatumidajewicz.pl\/index.php\/wp-json\/wp\/v2\/pages"}],"about":[{"href":"https:\/\/paulinatumidajewicz.pl\/index.php\/wp-json\/wp\/v2\/types\/page"}],"author":[{"embeddable":true,"href":"https:\/\/paulinatumidajewicz.pl\/index.php\/wp-json\/wp\/v2\/users\/2"}],"replies":[{"embeddable":true,"href":"https:\/\/paulinatumidajewicz.pl\/index.php\/wp-json\/wp\/v2\/comments?post=36"}],"version-history":[{"count":7,"href":"https:\/\/paulinatumidajewicz.pl\/index.php\/wp-json\/wp\/v2\/pages\/36\/revisions"}],"predecessor-version":[{"id":116,"href":"https:\/\/paulinatumidajewicz.pl\/index.php\/wp-json\/wp\/v2\/pages\/36\/revisions\/116"}],"wp:featuredmedia":[{"embeddable":true,"href":"https:\/\/paulinatumidajewicz.pl\/index.php\/wp-json\/wp\/v2\/media\/73"}],"wp:attachment":[{"href":"https:\/\/paulinatumidajewicz.pl\/index.php\/wp-json\/wp\/v2\/media?parent=36"}],"curies":[{"name":"wp","href":"https:\/\/api.w.org\/{rel}","templated":true}]}}